lculate the remainder when ((-1)/t)/(1/33) is divided by c.
3
Let s = -11 - -30. Suppose 4*a - 5*a = -75. Suppose -5*l = -2*q + 130, 4*q + a = 5*q - 5*l. What is the remainder when q is divided by s?
17
Suppose 0 = 4*d + 4*a - 44, 0 = -d + a + 1. Calculate the remainder when 69 is divided by d.
3
Let s(h) = -29*h + 2. What is the remainder when s(-4) is divided by 24?
22
Suppose 0 = 4*f - 4. Suppose -4*s = -a + 50, -4*a + 2*s + 140 = s. Calculate the remainder when a is divided by (11 - f) + (1 - -1).
10
Suppose 2*x - x = 16. Suppose -3*n + 0*n = -5*o - 23, 5*n = -4*o + 26. Calculate the remainder when x is divided by n.
4
Suppose 6*j - 45 = j. Suppose 0 = -a + 3*a - 34. Calculate the remainder when a is divided by j.
8
Suppose 3*v - 5*m - 76 = 0, 5*v - 2*m - 156 = -61. What is the remainder when 67 is divided by v?
16
Let a(u) = u**2 - 11*u. Let n be a(10). Let l = 1 - n. Suppose 0 = -4*t + k + 19, 2*t + 12 = -2*k + 34. What is the remainder when l is divided by t?
5
Let z(m) = -m + 8. What is the remainder when 58 is divided by z(-8)?
10
Let p be 4/(-18) - (-102)/(-27). Let c = p + 14. What is the remainder when 18 is divided by c?
8
Let g(t) = 39*t**2 - t - 2. What is the remainder when 151 is divided by g(-1)?
37
Suppose 4*z = -z + 5. What is the remainder when z is divided by 1?
0
Suppose 172 = 3*u + u. Suppose 4*v + 45 = 7*v. What is the remainder when u is divided by v?
13
Let v = 9 + -9. Suppose v = 3*b - 5*y + 2, -b - y + 22 = 2*b. Calculate the remainder when 16 is divided by b.
4
Let w = -261 + 471. Suppose -14 = r - o - 58, -5*r = 5*o - w. What is the remainder when r is divided by 22?
21
Suppose -f = f - 160. What is the remainder when 53 is divided by 6/9 + f/6?
11
Suppose 4*a = 4*s + 88, -5*s + 10 = -a + 2*a. Suppose -3 = h - a. Calculate the remainder when 50 is divided by h.
16
Suppose 3*z = 5*z - 66. Let k = z - 23. Suppose -c + 19 = -5*p, 0 = c + 3*p - 6*p - 23. What is the remainder when c is divided by k?
9
Let m = -39 - -77. Calculate the remainder when m is divided by -39*-2*(-2)/(-12).
12
Suppose 0 = -4*o + 5*w - 13, 0 = -o - 2*o + 4*w - 11. Suppose -h + 0*h + o = 0. Let q = h + 1. Calculate the remainder when 13 is divided by q.
1
Let r = 9 - -41. Let u = 83 - r. Suppose -u + 11 = -n - 3*m, 5*m - 25 = 0. Calculate the remainder when n is divided by 4.
3
Suppose 5*o - 351 = 54. Let r = o - 48. Calculate the remainder when r is divided by 17.
16
Suppose -3*u + 3*x + 87 = 0, -3*x - 137 = -3*u - 2*u. Let p(q) = -q**2 - 7*q - 1. Let f be 0 + 3 + -9 + 1. What is the remainder when u is divided by p(f)?
7
Let s(i) = 2*i. Let h be s(1). Suppose h*f - 36 = -0*f. What is the remainder when f is divided by 7?
4
Calculate the remainder when 16 is divided by 2 - (-1 + 6/(-2)).
4
Suppose -2*r = 16*r - 324. What is the remainder when 69 is divided by r?
15
Suppose 0*m + 3*m = 4*x + 57, -95 = -5*m - 2*x. What is the remainder when 56 is divided by m?
18
Let l(v) = -v**2 - 11*v + 4. Let w(b) = b**3 + 6*b**2 + 6*b - 5. Let r be w(-5). What is the remainder when 25 is divided by l(r)?
11
Suppose -3*s + 85 + 35 = 0. What is the remainder when 157 is divided by s?
37
Let r = -103 + 160. What is the remainder when r is divided by 15?
12
Suppose 6*p + 75 = 93. Suppose 2 = 2*x - 0. What is the remainder when p is divided by x?
0
Suppose a = -2*g + 5*g - 95, g - 25 = 2*a. What is the remainder when g is divided by 17?
16
Let u(o) = o**3 + o. Let w be u(1). Suppose 0 = w*y - 0*y + 30. Let j = -3 - y. What is the remainder when 22 is divided by j?
10
Let o(h) = h**2 + 2*h + 3. Let u be o(-3). Let j(m) = -m + 8. Suppose -3*t + 8 = a, 3*t = -2*a + 5*a. Calculate the remainder when j(u) is divided by t.
0
Suppose 8*j = 100 + 44. Suppose -2*r + 6 = r. Suppose r*z - 58 = -j. Calculate the remainder when z is divided by 7.
6
Let f be -2 + -1 + (-20)/(-4). Suppose d = 2*i + 64, i = 2*d - f*i - 128. Calculate the remainder when d is divided by 22.
20
Let t = -2 - -8. Suppose -t*m + m + 15 = 0. Suppose 0 = -5*g + 6 + 4. What is the remainder when m is divided by g?
1
Let u(v) = v**2 - 4*v + 9. Calculate the remainder when 26 is divided by u(3).
2
Let n = -127 + 153. What is the remainder when n is divided by 10?
6
Suppose -d + 1 = -2. Suppose -g + 3*z + 8 = 0, d*z + 50 = -5*g + 9*g. Calculate the remainder when 27 is divided by g.
13
Let f(x) = -3*x**2 - 3*x + 13. Let z be f(-6). Calculate the remainder when 85 is divided by 14/z + (-488)/(-22).
19
Suppose 3*p + 3*k = 80 - 32, 3*p = 3*k + 60. What is the remainder when 35 is divided by p?
17
Let b(d) = -3*d - 1. What is the remainder when 63 is divided by b(-4)?
8
Let j = 8 - 7. Suppose -3*h + 40 = 2*i - 28, -2*h = 4*i - 40. Suppose -2*n + p = -h, -p - 3 = j. Calculate the remainder when 19 is divided by n.
9
Let v(i) = -i. What is the remainder when 13 is divided by v(-5)?
3
Let z(a) = -9*a**3 + a**2 - 1. Let c be z(-1). Suppose c = -w + 23. Calculate the remainder when 25 is divided by w.
11
Let l = 53 + -28. Suppose -w = -3*p + 9 + 16, -2*p = -5*w - 34. What is the remainder when l is divided by p?
4
Suppose 22 = 3*n - 17. Suppose -x = -3*d + 28, 7*x - 2*d + 127 = 2*x. Let r = 29 + x. Calculate the remainder when n is divided by r.
1
Suppose -z = 2*z + 60. Calculate the remainder when 31 is divided by ((-4)/(-5))/((-1)/z).
15
Suppose 3 = q + 4*t + 5, -4*q + 4*t + 32 = 0. Let x be (-5 - 1)*(-2)/2. Calculate the remainder when ((-44)/x)/((-4)/6) is divided by q.
5
Let l = 39 - 22. Calculate the remainder when l is divided by 2.
1
Suppose -h - h + 10 = 3*l, -5*h = -3*l + 38. Calculate the remainder when 15 is divided by l.
3
Let z = 8 - 6. Let g(j) = -j**2 + j - 2. Let a be g(z). What is the remainder when 14 is divided by (-52)/(-12) + a/(-6)?
4
Suppose -2*r + 3 = -33. Let v = r - 15. Calculate the remainder when 11 is divided by v.
2
Suppose 3*t = 6 + 6. Suppose -1 - 4 = -4*b + 3*v, -4*b = -t*v - 4. Calculate the remainder when 4 is divided by b.
0
Suppose -f = -57 - 95. Suppose -2*n - f = -6*n. Let x(j) = 2*j**2 + 2*j + 1. Calculate the remainder when n is divided by x(-3).
12
Let g(q) = -5*q - 17. Calculate the remainder when 28 is divided by g(-5).
4
Let o(q) = -3*q**3 + 13*q**2 - q - 1. What is the remainder when o(4) is divided by 7?
4
Let r(u) = u + 22. Calculate the remainder when r(-15) is divided by 2.
1
Let z(x) = x**2 + 2*x - 2 - 3 + 1. Let b be z(-3). What is the remainder when ((-6)/9)/(b/24) is divided by 6?
4
Let o(c) = 42*c + 5. What is the remainder when o(2) is divided by 19?
13
Let o be -2*2*(-3)/6. Suppose n = -0 + o. Suppose n*i - 80 = -2*i. What is the remainder when i is divided by 7?
6
Let r(c) = c**2 + 2. Let z = -24 + 76. Calculate the remainder when z is divided by r(-4).
16
Let a be -4*(-9)/12 + -3. Suppose a = -k - 4*k + 10. Suppose 5*v - k*z = 100, 4*v = 3*z + 55 + 18. Calculate the remainder when v is divided by 12.
10
Let y(q) = -q**2 - 2*q + 5 - 4*q + 2*q**2. What is the remainder when 117/(-15) + 7 - 49/(-5) is divided by y(6)?
4
What is the remainder when 57 is divided by 1/(-2)*(-4 + -36)/2?
7
Suppose i + 52 = 3*b, 5*b - b + i - 81 = 0. Calculate the remainder when 51 is divided by b.
13
Suppose 0 = -u - 4*u - 25. Let x be (-4)/(-5)*u/(-2). Suppose b + 8 = -2*n - 4*b, 9 = 5*n - x*b. What is the remainder when 1 is divided by n?
0
Let w = 1 + 17. Suppose -4*q - w = -5*b - 2, -5*b - 5*q + 25 = 0. Suppose -z - 4*x + 12 = 0, -x + b*x - 3 = 0. What is the remainder when 22 is divided by z?
6
Suppose 2*k + 14 = 5*h - 26, 4*k = h - 8. What is the remainder when 15 is divided by h?
7
Let a be ((-9)/(-6))/(1/10). Let z = a + -23. Let m = -6 - z. What is the remainder when 2 is divided by m?
0
Let n(d) = 17*d**2 - d + 1. Calculate the remainder when 83 is divided by n(1).
15
Let s(d) = -d**2 + 10*d + 3. Calculate the remainder when 109 is divided by s(5).
25
Let d(t) be the third derivative of -t**4/24 + 2*t**3/3 - 5*t**2. What is the remainder when 45 is divided by d(-8)?
9
What is the remainder when 85 - (-1 - (-4 - 0)) is divided by 21?
19
Suppose -5*f - 16 = -41. Let o(x) = -2*x. What is the remainder when f is divided by o(-1)?
1
Suppose 2*q + 2*q - 4*n = 32, -3*n = -2*q + 12. What is the remainder when 4/((-4)/(-46) + 0) is divided by q?
10
Let j = -58 - -104. What 